{"id":131,"date":"2017-01-19T14:34:36","date_gmt":"2017-01-19T13:34:36","guid":{"rendered":"http:\/\/kg-nobitz.de\/kgno\/?page_id=131"},"modified":"2017-01-19T14:34:36","modified_gmt":"2017-01-19T13:34:36","slug":"friedhof","status":"publish","type":"page","link":"https:\/\/kg-nobitz.de\/kgno\/friedhof\/","title":{"rendered":"Friedhof"},"content":{"rendered":"<p><span style=\"font-family: Verdana,Tahoma,Arial,Helvetica,Sans Serif; font-size: small;\"><img data-recalc-dims=\"1\" loading=\"lazy\" decoding=\"async\" data-attachment-id=\"85\" data-permalink=\"https:\/\/kg-nobitz.de\/kgno\/friedhof\/brunnen\/\" data-orig-file=\"https:\/\/i0.wp.com\/kg-nobitz.de\/kgno\/wp-content\/uploads\/2017\/01\/brunnen.jpg?fit=300%2C303&amp;ssl=1\" data-orig-size=\"300,303\" data-comments-opened=\"1\" data-image-meta=\"{&quot;aperture&quot;:&quot;0&quot;,&quot;credit&quot;:&quot;&quot;,&quot;camera&quot;:&quot;&quot;,&quot;caption&quot;:&quot;&quot;,&quot;created_timestamp&quot;:&quot;0&quot;,&quot;copyright&quot;:&quot;&quot;,&quot;focal_length&quot;:&quot;0&quot;,&quot;iso&quot;:&quot;0&quot;,&quot;shutter_speed&quot;:&quot;0&quot;,&quot;title&quot;:&quot;&quot;,&quot;orientation&quot;:&quot;0&quot;}\" data-image-title=\"brunnen\" data-image-description=\"\" data-image-caption=\"\" data-large-file=\"https:\/\/i0.wp.com\/kg-nobitz.de\/kgno\/wp-content\/uploads\/2017\/01\/brunnen.jpg?fit=300%2C303&amp;ssl=1\" class=\"alignright size-medium wp-image-85\" src=\"https:\/\/i0.wp.com\/kg-nobitz.de\/kgno\/wp-content\/uploads\/2017\/01\/brunnen.jpg?resize=297%2C300&#038;ssl=1\" alt=\"\" width=\"297\" height=\"300\" srcset=\"https:\/\/i0.wp.com\/kg-nobitz.de\/kgno\/wp-content\/uploads\/2017\/01\/brunnen.jpg?resize=297%2C300&amp;ssl=1 297w, https:\/\/i0.wp.com\/kg-nobitz.de\/kgno\/wp-content\/uploads\/2017\/01\/brunnen.jpg?w=300&amp;ssl=1 300w\" sizes=\"auto, (max-width: 297px) 85vw, 297px\" \/>Der kirchliche Friedhof in Nobitz ist Monopol<\/span><span style=\"font-family: Verdana,Tahoma,Arial,Helvetica,Sans Serif; font-size: small;\">friedhof, so dass auf ihm alle B\u00fcrger und Einwohner der Gemeinde Nobitz bestattet werden k\u00f6nnen.<\/span><\/p>\n<p><span style=\"font-family: Verdana,Tahoma,Arial,Helvetica,Sans Serif; font-size: small;\">Gleichzeitig hat der Friedhof durch viele B\u00e4ume und Gr\u00fcnfl\u00e4chen einen Parkcharakter, so dass hier viele B\u00fcrger auch stille Erholung finden.<\/span><\/p>\n<p><span style=\"font-family: Verdana,Tahoma,Arial,Helvetica,Sans Serif; font-size: small;\">Auf dem Friedhof sind Wahlgr\u00e4ber zu finden, als einstellige Gr\u00e4ber und mehrstellige Gr\u00e4ber. Dar\u00fcber hinaus gibt es ein Grabfeld mit besonderen Bestattungsvorschriften. Dort werden Urnen bzw. S\u00e4rge so bestattet, dass sie zuk\u00fcnftig pflegearm sind.<\/span><\/p>\n<p>Die aktuelle Satzung ist im Gemeindeb\u00fcro der Kirchgemeinde Nobitz erh\u00e4ltlich.<\/p>\n","protected":false},"excerpt":{"rendered":"<p>Der kirchliche Friedhof in Nobitz ist Monopolfriedhof, so dass auf ihm alle B\u00fcrger und Einwohner der Gemeinde Nobitz bestattet werden k\u00f6nnen. Gleichzeitig hat der Friedhof durch viele B\u00e4ume und Gr\u00fcnfl\u00e4chen einen Parkcharakter, so dass hier viele B\u00fcrger auch stille Erholung finden. Auf dem Friedhof sind Wahlgr\u00e4ber zu finden, als einstellige Gr\u00e4ber und mehrstellige Gr\u00e4ber. Dar\u00fcber &hellip; <a href=\"https:\/\/kg-nobitz.de\/kgno\/friedhof\/\" class=\"more-link\"><span class=\"screen-reader-text\">\u201eFriedhof\u201c <\/span>weiterlesen<\/a><\/p>\n","protected":false},"author":1,"featured_media":0,"parent":0,"menu_order":0,"comment_status":"closed","ping_status":"closed","template":"","meta":{"jetpack_post_was_ever_published":false,"footnotes":""},"class_list":["post-131","page","type-page","status-publish","hentry"],"jetpack_sharing_enabled":true,"jetpack_shortlink":"https:\/\/wp.me\/P9WLS9-27","jetpack-related-posts":[],"_links":{"self":[{"href":"https:\/\/kg-nobitz.de\/kgno\/wp-json\/wp\/v2\/pages\/131","targetHints":{"allow":["GET"]}}],"collection":[{"href":"https:\/\/kg-nobitz.de\/kgno\/wp-json\/wp\/v2\/pages"}],"about":[{"href":"https:\/\/kg-nobitz.de\/kgno\/wp-json\/wp\/v2\/types\/page"}],"author":[{"embeddable":true,"href":"https:\/\/kg-nobitz.de\/kgno\/wp-json\/wp\/v2\/users\/1"}],"replies":[{"embeddable":true,"href":"https:\/\/kg-nobitz.de\/kgno\/wp-json\/wp\/v2\/comments?post=131"}],"version-history":[{"count":1,"href":"https:\/\/kg-nobitz.de\/kgno\/wp-json\/wp\/v2\/pages\/131\/revisions"}],"predecessor-version":[{"id":132,"href":"https:\/\/kg-nobitz.de\/kgno\/wp-json\/wp\/v2\/pages\/131\/revisions\/132"}],"wp:attachment":[{"href":"https:\/\/kg-nobitz.de\/kgno\/wp-json\/wp\/v2\/media?parent=131"}],"curies":[{"name":"wp","href":"https:\/\/api.w.org\/{rel}","templated":true}]}}