{"id":143,"date":"2017-01-20T09:45:23","date_gmt":"2017-01-20T08:45:23","guid":{"rendered":"http:\/\/kg-nobitz.de\/kgno\/?page_id=143"},"modified":"2017-01-20T09:45:57","modified_gmt":"2017-01-20T08:45:57","slug":"martin-luther","status":"publish","type":"page","link":"https:\/\/kg-nobitz.de\/kgno\/martin-luther\/","title":{"rendered":"Martin Luther"},"content":{"rendered":"<p><span style=\"font-family: Verdana,Tahoma,Arial,Helvetica,Sans Serif;\"><span style=\"font-size: small;\"><strong>Luthers Morgensegen<\/strong> <\/span><\/span><\/p>\n<p><span style=\"font-family: Verdana,Tahoma,Arial,Helvetica,Sans Serif; font-size: small;\">Das Gebet f\u00fcr den Beginn des Tages<\/span><\/p>\n<p>Des Morgens, wenn du aufstehst, kannst du dich segnen mit dem Zeichen des heiligen Kreuzes und sagen:<\/p>\n<p><b>Das walte Gott Vater, Sohn und Heiliger Geist! Amen<\/b><\/p>\n<p>Darauf kniend oder stehend das Glaubensbekenntnis und das Vaterunser.<br \/>\nWillst du, so kannst du dies Gebet dazu sprechen:<\/p>\n<p><span style=\"font-family: Verdana,Tahoma,Arial,Helvetica,Sans Serif;\"><span style=\"font-size: small;\"><b>Ich danke dir, mein himmlischer Vater, durch Jesus Christus, deinen lieben Sohn, da\u00df du mich diese Nacht vor allem Schaden und Gefahr beh\u00fctet hast, und bitte dich, du wollest mich diesen Tag auch beh\u00fcten vor S\u00fcnden und allem \u00dcbel, da\u00df dir all mein Tun und Leben gefalle. Denn ich befehle mich, meinen Leib und Seele und alles in deine H\u00e4nde. Dein heiliger Engel sei mit mir, da\u00df der b\u00f6se<br \/>\nFeind keine Macht an mir finde.<\/b><\/span><\/span><\/p>\n<p>Als dann mit Freuden an dein Werk gegangen und etwa ein Lied gesungen oder was dir deine Andacht eingibt.<\/p>\n<p>&nbsp;<\/p>\n<p>&nbsp;<\/p>\n<p><span style=\"font-family: Verdana,Tahoma,Arial,Helvetica,Sans Serif;\"><span style=\"font-size: small;\"><b>Luthers Abendsegen<\/b> <\/span><\/span><\/p>\n<p><span style=\"font-family: Verdana,Tahoma,Arial,Helvetica,Sans Serif; font-size: small;\">Das Gebet f\u00fcr den Schluss des Tages<\/p>\n<p>Des Abends, wenn du zu Bett gehst, kannst du dich segnen mit dem Zeichen des heiligen Kreuzes und sagen:<\/p>\n<p><b>Das walte Gott Vater, Sohn und Heiliger Geist! Amen<\/b><\/p>\n<p>Darauf kniend oder stehend das Glaubensbekenntnis und das Vaterunser. Willst du, so kannst du dies Gebet dazu sprechen:<\/p>\n<p><b>Ich danke dir, mein himmlischer Vater, durch Jesus Christus, deinen lieben Sohn, da\u00df du mich diesen Tag gn\u00e4diglich beh\u00fctet hast, und bitte dich, du wollest mir vergeben alle meine S\u00fcnde, wo ich Unrecht getan habe, und mich diese Nacht auch gn\u00e4diglich beh\u00fcten. Denn ich befehle mich, meinen Leib und Seele und alles in deine H\u00e4nde. Dein heiliger Engel sei mit mir, da\u00df der b\u00f6se Feind keine Macht an mir finde.<\/b><\/p>\n<p>Alsdann flugs und fr\u00f6hlich geschlafen.<\/span><\/p>\n","protected":false},"excerpt":{"rendered":"<p>Luthers Morgensegen Das Gebet f\u00fcr den Beginn des Tages Des Morgens, wenn du aufstehst, kannst du dich segnen mit dem Zeichen des heiligen Kreuzes und sagen: Das walte Gott Vater, Sohn und Heiliger Geist! Amen Darauf kniend oder stehend das Glaubensbekenntnis und das Vaterunser. Willst du, so kannst du dies Gebet dazu sprechen: Ich danke &hellip; <a href=\"https:\/\/kg-nobitz.de\/kgno\/martin-luther\/\" class=\"more-link\"><span class=\"screen-reader-text\">\u201eMartin Luther\u201c <\/span>weiterlesen<\/a><\/p>\n","protected":false},"author":1,"featured_media":0,"parent":0,"menu_order":0,"comment_status":"closed","ping_status":"closed","template":"","meta":{"jetpack_post_was_ever_published":false,"footnotes":""},"class_list":["post-143","page","type-page","status-publish","hentry"],"jetpack_sharing_enabled":true,"jetpack_shortlink":"https:\/\/wp.me\/P9WLS9-2j","jetpack-related-posts":[],"_links":{"self":[{"href":"https:\/\/kg-nobitz.de\/kgno\/wp-json\/wp\/v2\/pages\/143","targetHints":{"allow":["GET"]}}],"collection":[{"href":"https:\/\/kg-nobitz.de\/kgno\/wp-json\/wp\/v2\/pages"}],"about":[{"href":"https:\/\/kg-nobitz.de\/kgno\/wp-json\/wp\/v2\/types\/page"}],"author":[{"embeddable":true,"href":"https:\/\/kg-nobitz.de\/kgno\/wp-json\/wp\/v2\/users\/1"}],"replies":[{"embeddable":true,"href":"https:\/\/kg-nobitz.de\/kgno\/wp-json\/wp\/v2\/comments?post=143"}],"version-history":[{"count":2,"href":"https:\/\/kg-nobitz.de\/kgno\/wp-json\/wp\/v2\/pages\/143\/revisions"}],"predecessor-version":[{"id":145,"href":"https:\/\/kg-nobitz.de\/kgno\/wp-json\/wp\/v2\/pages\/143\/revisions\/145"}],"wp:attachment":[{"href":"https:\/\/kg-nobitz.de\/kgno\/wp-json\/wp\/v2\/media?parent=143"}],"curies":[{"name":"wp","href":"https:\/\/api.w.org\/{rel}","templated":true}]}}